{"id":1895,"date":"2020-09-24T13:37:35","date_gmt":"2020-09-24T11:37:35","guid":{"rendered":"http:\/\/eveil-sylvainmeyer.fr\/?page_id=1895"},"modified":"2024-08-31T21:17:33","modified_gmt":"2024-08-31T19:17:33","slug":"prendre-rendez-vous-et-adresse-du-cabinet","status":"publish","type":"page","link":"https:\/\/eveil-sylvainmeyer.fr\/index.php\/prendre-rendez-vous-et-adresse-du-cabinet\/","title":{"rendered":"ME CONTACTER, PRENDRE RDV, VENIR AU CABINET"},"content":{"rendered":"\n<div class=\"wp-block-group\"><div class=\"wp-block-group__inner-container is-layout-constrained wp-block-group-is-layout-constrained\">\n<div class=\"wp-block-group has-blue-gray-color has-text-color\"><div class=\"wp-block-group__inner-container is-layout-constrained wp-block-group-is-layout-constrained\">\n<p class=\"has-light-pink-background-color has-text-color has-background\" style=\"color:#000000\"><strong>Adresse du cabinet :<\/strong> entre Mulhouse et Colmar au 9 rue de Blodelsheim 68740 Roggenhouse : faire l&rsquo;itin\u00e9raire sur Maps : <span style=\"color: #0000ff;\"><strong><a href=\"https:\/\/urlr.me\/S1ds8\">ICI<\/a><\/strong><\/span><\/p>\n\n\n\n<p class=\"has-text-color\" style=\"color:#000000\"><strong>Les rendez-vous<\/strong>  :<strong> uniquement par t\u00e9l\u00e9phone<\/strong> (prise, confirmation, d\u00e9placement et annulation). Par geste \u00e9cologique et pour votre confort, <strong>pensez \u00e0 emmener une grande serviette ou un drap de bain<\/strong> pour la s\u00e9ance afin de couvrir la table de soins.   <\/p>\n\n\n\n<p class=\"has-light-pink-background-color has-text-color has-background\" style=\"color:#000000\"><strong>Vous pouvez me contacter au : 07 87 78 49 13 de 8h00 \u00e0 19h<\/strong> pour toute question.<br><strong>Par mail<\/strong> : <strong><a rel=\"noreferrer noopener\" href=\"mailto:contact@eveil-sylvainmeyer.fr\" target=\"_blank\">contact@eveil-sylvainmeyer.fr<\/a><\/strong> en indiquant obligatoirement votre num\u00e9ro de t\u00e9l\u00e9phone.<\/p>\n\n\n\n<p class=\"has-text-color\" style=\"color:#000000\"><strong>La s\u00e9ance est peut-\u00eatre prise en charge (partiellement ou totalement) par votre compl\u00e9mentaire maladie.<\/strong>  Une attestation vous sera d\u00e9livr\u00e9e en fin de s\u00e9ance.<\/p>\n\n\n\n<div class=\"wp-block-group\"><div class=\"wp-block-group__inner-container is-layout-constrained wp-block-group-is-layout-constrained\">\n<p class=\"has-text-align-left has-light-pink-background-color has-text-color has-background\" style=\"color:#000000\"><strong>Magasin de pierres<\/strong> :<br>Me contacter pour fixer un rdv si vous souhaitez en acqu\u00e9rir.<\/p>\n<\/div><\/div>\n<\/div><\/div>\n<\/div><\/div>\n","protected":false},"excerpt":{"rendered":"<p>Adresse du cabinet : entre Mulhouse et Colmar au 9 rue de Blodelsheim 68740 Roggenhouse : faire l&rsquo;itin\u00e9raire sur Maps : ICI Les rendez-vous : uniquement par t\u00e9l\u00e9phone (prise, confirmation, d\u00e9placement et annulation). Par geste \u00e9cologique et pour votre confort, pensez \u00e0 emmener une grande serviette ou un drap de bain pour la s\u00e9ance afin &hellip; <a href=\"https:\/\/eveil-sylvainmeyer.fr\/index.php\/prendre-rendez-vous-et-adresse-du-cabinet\/\" class=\"more-link\">Continuer la lecture de <span class=\"screen-reader-text\">ME CONTACTER, PRENDRE RDV, VENIR AU CABINET<\/span><\/a><\/p>\n","protected":false},"author":1,"featured_media":0,"parent":0,"menu_order":0,"comment_status":"closed","ping_status":"closed","template":"","meta":{"footnotes":""},"class_list":["post-1895","page","type-page","status-publish","hentry"],"_links":{"self":[{"href":"https:\/\/eveil-sylvainmeyer.fr\/index.php\/wp-json\/wp\/v2\/pages\/1895","targetHints":{"allow":["GET"]}}],"collection":[{"href":"https:\/\/eveil-sylvainmeyer.fr\/index.php\/wp-json\/wp\/v2\/pages"}],"about":[{"href":"https:\/\/eveil-sylvainmeyer.fr\/index.php\/wp-json\/wp\/v2\/types\/page"}],"author":[{"embeddable":true,"href":"https:\/\/eveil-sylvainmeyer.fr\/index.php\/wp-json\/wp\/v2\/users\/1"}],"replies":[{"embeddable":true,"href":"https:\/\/eveil-sylvainmeyer.fr\/index.php\/wp-json\/wp\/v2\/comments?post=1895"}],"version-history":[{"count":38,"href":"https:\/\/eveil-sylvainmeyer.fr\/index.php\/wp-json\/wp\/v2\/pages\/1895\/revisions"}],"predecessor-version":[{"id":2715,"href":"https:\/\/eveil-sylvainmeyer.fr\/index.php\/wp-json\/wp\/v2\/pages\/1895\/revisions\/2715"}],"wp:attachment":[{"href":"https:\/\/eveil-sylvainmeyer.fr\/index.php\/wp-json\/wp\/v2\/media?parent=1895"}],"curies":[{"name":"wp","href":"https:\/\/api.w.org\/{rel}","templated":true}]}}

<div class="wp-block-group"><div class="wp-block-group__inner-container is-layout-constrained wp-block-group-is-layout-constrained">
<div class="wp-block-group has-blue-gray-color has-text-color"><div class="wp-block-group__inner-container is-layout-constrained wp-block-group-is-layout-constrained">
<p class="has-light-pink-background-color has-text-color has-background" style="color:#000000"><strong>Adresse du cabinet :</strong> entre Mulhouse et Colmar au 9 rue de Blodelsheim 68740 Roggenhouse : faire l&rsquo;itinéraire sur Maps : <span style="color: #0000ff;"><strong><a href="https://urlr.me/S1ds8">ICI</a></strong></span></p>



<p class="has-text-color" style="color:#000000"><strong>Les rendez-vous</strong>  :<strong> uniquement par téléphone</strong> (prise, confirmation, déplacement et annulation). Par geste écologique et pour votre confort, <strong>pensez à emmener une grande serviette ou un drap de bain</strong> pour la séance afin de couvrir la table de soins.   </p>



<p class="has-light-pink-background-color has-text-color has-background" style="color:#000000"><strong>Vous pouvez me contacter au : 07 87 78 49 13 de 8h00 à 19h</strong> pour toute question.<br><strong>Par mail</strong> : <strong><a rel="noreferrer noopener" href="mailto:contact@eveil-sylvainmeyer.fr" target="_blank">contact@eveil-sylvainmeyer.fr</a></strong> en indiquant obligatoirement votre numéro de téléphone.</p>



<p class="has-text-color" style="color:#000000"><strong>La séance est peut-être prise en charge (partiellement ou totalement) par votre complémentaire maladie.</strong>  Une attestation vous sera délivrée en fin de séance.</p>



<div class="wp-block-group"><div class="wp-block-group__inner-container is-layout-constrained wp-block-group-is-layout-constrained">
<p class="has-text-align-left has-light-pink-background-color has-text-color has-background" style="color:#000000"><strong>Magasin de pierres</strong> :<br>Me contacter pour fixer un rdv si vous souhaitez en acquérir.</p>
</div></div>
</div></div>
</div></div>

<p>Adresse du cabinet : entre Mulhouse et Colmar au 9 rue de Blodelsheim 68740 Roggenhouse : faire l&rsquo;itinéraire sur Maps : ICI Les rendez-vous : uniquement par téléphone (prise, confirmation, déplacement et annulation). Par geste écologique et pour votre confort, pensez à emmener une grande serviette ou un drap de bain pour la séance afin &hellip; <a href="https://eveil-sylvainmeyer.fr/index.php/prendre-rendez-vous-et-adresse-du-cabinet/" class="more-link">Continuer la lecture de <span class="screen-reader-text">ME CONTACTER, PRENDRE RDV, VENIR AU CABINET</span></a></p>
