{"id":263,"date":"2018-02-17T11:59:38","date_gmt":"2018-02-17T10:59:38","guid":{"rendered":"http:\/\/eveil-sylvainmeyer.fr\/?page_id=263"},"modified":"2023-09-27T17:59:55","modified_gmt":"2023-09-27T15:59:55","slug":"journees-angeliques","status":"publish","type":"page","link":"https:\/\/eveil-sylvainmeyer.fr\/index.php\/journees-angeliques\/","title":{"rendered":"JOURNEES \u00ab\u00a0ANGELIQUES\u00a0\u00bb"},"content":{"rendered":"\n<p class=\"has-text-align-center has-light-pink-background-color has-text-color has-background\" style=\"color:#72198e;font-size:26px\"><strong>Journ\u00e9es *Ang\u00e9liques*<\/strong><\/p>\n\n\n\n<p class=\"has-text-align-center has-text-color\" style=\"color:#000000\">Maximum 12 personnes dans l&rsquo;ordre d&rsquo;inscription<\/p>\n\n\n\n<p class=\"has-text-color\" style=\"color:#000000\">L&rsquo;approche du ou des mondes *Ang\u00e9lique* peut avoir plusieurs formes :<\/p>\n\n\n\n<p class=\"has-text-color\" style=\"color:#000000\">De la simple communication au travail en commun en passant par la guidance. Ces journ\u00e9es vont, par diff\u00e9rentes pratiques nous permettre de mieux nous relier \u00e0 ces mondes internes et externes et ainsi nous ouvrir \u00e0 d&rsquo;autres dimenssions et possibles de notre Vie.<\/p>\n\n\n\n<p class=\"has-text-color\" style=\"color:#000000\">Me contacter si vous \u00eates int\u00e9ress\u00e9(e)<strong><span style=\"font-family: Arial, Helvetica, sans-serif; font-size: 18pt; color: #800080;\"><\/span><\/strong><span style=\"font-family: Arial, Helvetica, sans-serif; font-size: 14pt; color: #0000ff;\"><\/span><span style=\"font-family: Arial, Helvetica, sans-serif; font-size: 14pt; color: #0000ff;\"><\/span><span style=\"font-size: 14pt; color: #800080;\"><\/span><\/p>\n\n\n\n<p class=\"has-text-color\" style=\"color:#000000\"><a href=\"http:\/\/eveil-sylvainmeyer.fr\/index.php\/le-calendrier\/\"><span style=\"color: #800080;\">LE CALENDRIER<\/span><\/a><\/p>\n\n\n\n<p><a href=\"http:\/\/eveil-sylvainmeyer.fr\/index.php\/les-formations\/je-minscris-ici-a-une-formation\/\"><span style=\"color: #800080;\">JE M&rsquo;INSCRIS<strong> ICI<\/strong><\/span><\/a><\/p>\n\n\n\n<p><span style=\"color: #800080;\"><a style=\"color: #800080;\" href=\"http:\/\/eveil-sylvainmeyer.fr\/index.php\/informations-utiles\/\">INFORMATIONS UTILES<\/a><\/span><\/p>\n","protected":false},"excerpt":{"rendered":"<p>Journ\u00e9es *Ang\u00e9liques* Maximum 12 personnes dans l&rsquo;ordre d&rsquo;inscription L&rsquo;approche du ou des mondes *Ang\u00e9lique* peut avoir plusieurs formes : De la simple communication au travail en commun en passant par la guidance. Ces journ\u00e9es vont, par diff\u00e9rentes pratiques nous permettre de mieux nous relier \u00e0 ces mondes internes et externes et ainsi nous ouvrir \u00e0 &hellip; <a href=\"https:\/\/eveil-sylvainmeyer.fr\/index.php\/journees-angeliques\/\" class=\"more-link\">Continuer la lecture de <span class=\"screen-reader-text\">JOURNEES \u00ab\u00a0ANGELIQUES\u00a0\u00bb<\/span><\/a><\/p>\n","protected":false},"author":2,"featured_media":0,"parent":0,"menu_order":35,"comment_status":"closed","ping_status":"closed","template":"","meta":{"footnotes":""},"class_list":["post-263","page","type-page","status-publish","hentry"],"_links":{"self":[{"href":"https:\/\/eveil-sylvainmeyer.fr\/index.php\/wp-json\/wp\/v2\/pages\/263","targetHints":{"allow":["GET"]}}],"collection":[{"href":"https:\/\/eveil-sylvainmeyer.fr\/index.php\/wp-json\/wp\/v2\/pages"}],"about":[{"href":"https:\/\/eveil-sylvainmeyer.fr\/index.php\/wp-json\/wp\/v2\/types\/page"}],"author":[{"embeddable":true,"href":"https:\/\/eveil-sylvainmeyer.fr\/index.php\/wp-json\/wp\/v2\/users\/2"}],"replies":[{"embeddable":true,"href":"https:\/\/eveil-sylvainmeyer.fr\/index.php\/wp-json\/wp\/v2\/comments?post=263"}],"version-history":[{"count":9,"href":"https:\/\/eveil-sylvainmeyer.fr\/index.php\/wp-json\/wp\/v2\/pages\/263\/revisions"}],"predecessor-version":[{"id":2606,"href":"https:\/\/eveil-sylvainmeyer.fr\/index.php\/wp-json\/wp\/v2\/pages\/263\/revisions\/2606"}],"wp:attachment":[{"href":"https:\/\/eveil-sylvainmeyer.fr\/index.php\/wp-json\/wp\/v2\/media?parent=263"}],"curies":[{"name":"wp","href":"https:\/\/api.w.org\/{rel}","templated":true}]}}

<p class="has-text-align-center has-light-pink-background-color has-text-color has-background" style="color:#72198e;font-size:26px"><strong>Journées *Angéliques*</strong></p>



<p class="has-text-align-center has-text-color" style="color:#000000">Maximum 12 personnes dans l&rsquo;ordre d&rsquo;inscription</p>



<p class="has-text-color" style="color:#000000">L&rsquo;approche du ou des mondes *Angélique* peut avoir plusieurs formes :</p>



<p class="has-text-color" style="color:#000000">De la simple communication au travail en commun en passant par la guidance. Ces journées vont, par différentes pratiques nous permettre de mieux nous relier à ces mondes internes et externes et ainsi nous ouvrir à d&rsquo;autres dimenssions et possibles de notre Vie.</p>



<p class="has-text-color" style="color:#000000">Me contacter si vous êtes intéressé(e)<strong><span style="font-family: Arial, Helvetica, sans-serif; font-size: 18pt; color: #800080;"></span></strong><span style="font-family: Arial, Helvetica, sans-serif; font-size: 14pt; color: #0000ff;"></span><span style="font-family: Arial, Helvetica, sans-serif; font-size: 14pt; color: #0000ff;"></span><span style="font-size: 14pt; color: #800080;"></span></p>



<p class="has-text-color" style="color:#000000"><a href="http://eveil-sylvainmeyer.fr/index.php/le-calendrier/"><span style="color: #800080;">LE CALENDRIER</span></a></p>



<p><a href="http://eveil-sylvainmeyer.fr/index.php/les-formations/je-minscris-ici-a-une-formation/"><span style="color: #800080;">JE M&rsquo;INSCRIS<strong> ICI</strong></span></a></p>



<p><span style="color: #800080;"><a style="color: #800080;" href="http://eveil-sylvainmeyer.fr/index.php/informations-utiles/">INFORMATIONS UTILES</a></span></p>

<p>Journées *Angéliques* Maximum 12 personnes dans l&rsquo;ordre d&rsquo;inscription L&rsquo;approche du ou des mondes *Angélique* peut avoir plusieurs formes : De la simple communication au travail en commun en passant par la guidance. Ces journées vont, par différentes pratiques nous permettre de mieux nous relier à ces mondes internes et externes et ainsi nous ouvrir à &hellip; <a href="https://eveil-sylvainmeyer.fr/index.php/journees-angeliques/" class="more-link">Continuer la lecture de <span class="screen-reader-text">JOURNEES « ANGELIQUES »</span></a></p>
