{"id":411,"date":"2018-08-26T18:52:31","date_gmt":"2018-08-26T16:52:31","guid":{"rendered":"http:\/\/eveil-sylvainmeyer.fr\/?page_id=411"},"modified":"2023-09-27T18:41:44","modified_gmt":"2023-09-27T16:41:44","slug":"idees-cadeaux","status":"publish","type":"page","link":"https:\/\/eveil-sylvainmeyer.fr\/index.php\/idees-cadeaux\/","title":{"rendered":"IDEES CADEAUX"},"content":{"rendered":"\n<p class=\"has-text-align-center has-light-pink-background-color has-text-color has-background\" style=\"color:#72198e;font-size:30px\">Id\u00e9es cadeaux !!!<\/p>\n\n\n\n<p>Offrez une s\u00e9ance, une participation \u00e0 un stage, un collier, une pierre adapt\u00e9e, un pendentif&#8230;<\/p>\n\n\n\n<p>Pour vous recevoir dans les meilleures conditions, pensez \u00e0 me t\u00e9l\u00e9phoner avant de venir.<\/p>\n\n\n\n<p><\/p>\n","protected":false},"excerpt":{"rendered":"<p>Id\u00e9es cadeaux !!! Offrez une s\u00e9ance, une participation \u00e0 un stage, un collier, une pierre adapt\u00e9e, un pendentif&#8230; Pour vous recevoir dans les meilleures conditions, pensez \u00e0 me t\u00e9l\u00e9phoner avant de venir.<\/p>\n","protected":false},"author":2,"featured_media":0,"parent":0,"menu_order":65,"comment_status":"closed","ping_status":"closed","template":"","meta":{"footnotes":""},"class_list":["post-411","page","type-page","status-publish","hentry"],"_links":{"self":[{"href":"https:\/\/eveil-sylvainmeyer.fr\/index.php\/wp-json\/wp\/v2\/pages\/411","targetHints":{"allow":["GET"]}}],"collection":[{"href":"https:\/\/eveil-sylvainmeyer.fr\/index.php\/wp-json\/wp\/v2\/pages"}],"about":[{"href":"https:\/\/eveil-sylvainmeyer.fr\/index.php\/wp-json\/wp\/v2\/types\/page"}],"author":[{"embeddable":true,"href":"https:\/\/eveil-sylvainmeyer.fr\/index.php\/wp-json\/wp\/v2\/users\/2"}],"replies":[{"embeddable":true,"href":"https:\/\/eveil-sylvainmeyer.fr\/index.php\/wp-json\/wp\/v2\/comments?post=411"}],"version-history":[{"count":7,"href":"https:\/\/eveil-sylvainmeyer.fr\/index.php\/wp-json\/wp\/v2\/pages\/411\/revisions"}],"predecessor-version":[{"id":2639,"href":"https:\/\/eveil-sylvainmeyer.fr\/index.php\/wp-json\/wp\/v2\/pages\/411\/revisions\/2639"}],"wp:attachment":[{"href":"https:\/\/eveil-sylvainmeyer.fr\/index.php\/wp-json\/wp\/v2\/media?parent=411"}],"curies":[{"name":"wp","href":"https:\/\/api.w.org\/{rel}","templated":true}]}}

<p class="has-text-align-center has-light-pink-background-color has-text-color has-background" style="color:#72198e;font-size:30px">Idées cadeaux !!!</p>



<p>Offrez une séance, une participation à un stage, un collier, une pierre adaptée, un pendentif&#8230;</p>



<p>Pour vous recevoir dans les meilleures conditions, pensez à me téléphoner avant de venir.</p>



<p></p>

<p>Idées cadeaux !!! Offrez une séance, une participation à un stage, un collier, une pierre adaptée, un pendentif&#8230; Pour vous recevoir dans les meilleures conditions, pensez à me téléphoner avant de venir.</p>
