{"id":433,"date":"2018-08-26T20:50:19","date_gmt":"2018-08-26T18:50:19","guid":{"rendered":"http:\/\/eveil-sylvainmeyer.fr\/?page_id=433"},"modified":"2023-09-27T18:11:48","modified_gmt":"2023-09-27T16:11:48","slug":"les-randonnes","status":"publish","type":"page","link":"https:\/\/eveil-sylvainmeyer.fr\/index.php\/les-randonnes\/","title":{"rendered":"LES RANDONNEES"},"content":{"rendered":"\n<p class=\"has-text-align-center has-light-pink-background-color has-text-color has-background\" style=\"color:#72198e;font-size:26px\"><strong>Les randonn\u00e9es<\/strong><\/p>\n\n\n\n<p>Ces journ\u00e9es int\u00e8grent marches et ateliers \u00e9nerg\u00e9tiques dans la nature.<\/p>\n\n\n\n<p>Toutes les pratiques font appel \u00e0 la relation entre l&rsquo;homme et les diff\u00e9rents \u00e9l\u00e9ments nous entourant (terre, eau, arbres, feu, roches, herbes&#8230;)<\/p>\n\n\n\n<p>Les participants d\u00e9couvriront diverses pratiques \u00e9nerg\u00e9tiques en accord avec la Vie et pourrons les utiliser au quotidien.<\/p>\n\n\n\n<p>Notez bien : Chaque participant participera \u00e0 cette journ\u00e9e p\u00e9destre sous sa propre responsabilit\u00e9 et les enfants mineurs sous celle des parents.<\/p>\n\n\n\n<p><strong><span style=\"font-size: 14pt; color: #800080;\"><\/span><\/strong><span style=\"color: #0000ff;\"><\/span><span style=\"color: #0000ff;\"><\/span><span style=\"color: #0000ff;\"><\/span><span style=\"color: #0000ff;\"><\/span>Participation : 45 \u20ac par adulte, 80 pour les couples, 15 pour les enfants 12-16 ans, gratuit pour les moins de 12 ans.<span style=\"color: #0000ff;\"><\/span><span style=\"color: #0000ff;\"><\/span><span style=\"color: #0000ff;\"><\/span><\/p>\n\n\n\n<p><span style=\"color: #0000ff;\"><\/span><span style=\"color: #0000ff;\"><\/span>R\u00e9f : Rando<\/p>\n\n\n\n<p><a href=\"http:\/\/eveil-sylvainmeyer.fr\/index.php\/le-calendrier\/\"><span style=\"color: #800080;\">LE CALENDRIER<\/span><\/a><\/p>\n\n\n\n<p><span style=\"color: #800080;\"><a style=\"color: #800080;\" href=\"http:\/\/eveil-sylvainmeyer.fr\/index.php\/les-formations\/je-minscris-ici-a-une-formation\/\">JE M&rsquo;INSCRIS <strong>ICI<\/strong><\/a><\/span><\/p>\n\n\n\n<p><span style=\"color: #800080;\"><a style=\"color: #800080;\" href=\"http:\/\/eveil-sylvainmeyer.fr\/index.php\/informations-utiles\/\">INFORMATIONS UTILES<\/a><\/span><\/p>\n","protected":false},"excerpt":{"rendered":"<p>Les randonn\u00e9es Ces journ\u00e9es int\u00e8grent marches et ateliers \u00e9nerg\u00e9tiques dans la nature. Toutes les pratiques font appel \u00e0 la relation entre l&rsquo;homme et les diff\u00e9rents \u00e9l\u00e9ments nous entourant (terre, eau, arbres, feu, roches, herbes&#8230;) Les participants d\u00e9couvriront diverses pratiques \u00e9nerg\u00e9tiques en accord avec la Vie et pourrons les utiliser au quotidien. Notez bien : Chaque &hellip; <a href=\"https:\/\/eveil-sylvainmeyer.fr\/index.php\/les-randonnes\/\" class=\"more-link\">Continuer la lecture de <span class=\"screen-reader-text\">LES RANDONNEES<\/span><\/a><\/p>\n","protected":false},"author":2,"featured_media":0,"parent":0,"menu_order":40,"comment_status":"closed","ping_status":"closed","template":"","meta":{"footnotes":""},"class_list":["post-433","page","type-page","status-publish","hentry"],"_links":{"self":[{"href":"https:\/\/eveil-sylvainmeyer.fr\/index.php\/wp-json\/wp\/v2\/pages\/433","targetHints":{"allow":["GET"]}}],"collection":[{"href":"https:\/\/eveil-sylvainmeyer.fr\/index.php\/wp-json\/wp\/v2\/pages"}],"about":[{"href":"https:\/\/eveil-sylvainmeyer.fr\/index.php\/wp-json\/wp\/v2\/types\/page"}],"author":[{"embeddable":true,"href":"https:\/\/eveil-sylvainmeyer.fr\/index.php\/wp-json\/wp\/v2\/users\/2"}],"replies":[{"embeddable":true,"href":"https:\/\/eveil-sylvainmeyer.fr\/index.php\/wp-json\/wp\/v2\/comments?post=433"}],"version-history":[{"count":15,"href":"https:\/\/eveil-sylvainmeyer.fr\/index.php\/wp-json\/wp\/v2\/pages\/433\/revisions"}],"predecessor-version":[{"id":2617,"href":"https:\/\/eveil-sylvainmeyer.fr\/index.php\/wp-json\/wp\/v2\/pages\/433\/revisions\/2617"}],"wp:attachment":[{"href":"https:\/\/eveil-sylvainmeyer.fr\/index.php\/wp-json\/wp\/v2\/media?parent=433"}],"curies":[{"name":"wp","href":"https:\/\/api.w.org\/{rel}","templated":true}]}}

<p class="has-text-align-center has-light-pink-background-color has-text-color has-background" style="color:#72198e;font-size:26px"><strong>Les randonnées</strong></p>



<p>Ces journées intègrent marches et ateliers énergétiques dans la nature.</p>



<p>Toutes les pratiques font appel à la relation entre l&rsquo;homme et les différents éléments nous entourant (terre, eau, arbres, feu, roches, herbes&#8230;)</p>



<p>Les participants découvriront diverses pratiques énergétiques en accord avec la Vie et pourrons les utiliser au quotidien.</p>



<p>Notez bien : Chaque participant participera à cette journée pédestre sous sa propre responsabilité et les enfants mineurs sous celle des parents.</p>



<p><strong><span style="font-size: 14pt; color: #800080;"></span></strong><span style="color: #0000ff;"></span><span style="color: #0000ff;"></span><span style="color: #0000ff;"></span><span style="color: #0000ff;"></span>Participation : 45 € par adulte, 80 pour les couples, 15 pour les enfants 12-16 ans, gratuit pour les moins de 12 ans.<span style="color: #0000ff;"></span><span style="color: #0000ff;"></span><span style="color: #0000ff;"></span></p>



<p><span style="color: #0000ff;"></span><span style="color: #0000ff;"></span>Réf : Rando</p>



<p><a href="http://eveil-sylvainmeyer.fr/index.php/le-calendrier/"><span style="color: #800080;">LE CALENDRIER</span></a></p>



<p><span style="color: #800080;"><a style="color: #800080;" href="http://eveil-sylvainmeyer.fr/index.php/les-formations/je-minscris-ici-a-une-formation/">JE M&rsquo;INSCRIS <strong>ICI</strong></a></span></p>



<p><span style="color: #800080;"><a style="color: #800080;" href="http://eveil-sylvainmeyer.fr/index.php/informations-utiles/">INFORMATIONS UTILES</a></span></p>

<p>Les randonnées Ces journées intègrent marches et ateliers énergétiques dans la nature. Toutes les pratiques font appel à la relation entre l&rsquo;homme et les différents éléments nous entourant (terre, eau, arbres, feu, roches, herbes&#8230;) Les participants découvriront diverses pratiques énergétiques en accord avec la Vie et pourrons les utiliser au quotidien. Notez bien : Chaque &hellip; <a href="https://eveil-sylvainmeyer.fr/index.php/les-randonnes/" class="more-link">Continuer la lecture de <span class="screen-reader-text">LES RANDONNEES</span></a></p>
